{"id":117,"date":"2024-11-28T12:43:03","date_gmt":"2024-11-28T11:43:03","guid":{"rendered":"https:\/\/gioart.fr\/?page_id=117"},"modified":"2024-11-28T12:43:03","modified_gmt":"2024-11-28T11:43:03","slug":"des-bestioles-ou-des-jumeaux-miroir","status":"publish","type":"page","link":"https:\/\/gioart.fr\/?page_id=117","title":{"rendered":"Des bestioles ou des jumeaux miroir !"},"content":{"rendered":"\n<p>C&#8217;est le tirage au hasard qui a cr\u00e9\u00e9 la forme de chacune des toiles. Puis apr\u00e8s, l&#8217;id\u00e9e d&#8217;inverser les deux couleurs. Et toujours le Bleu de Prusse pour encadrer le tout. Toiles 6F. <\/p>\n\n\n\n<figure class=\"wp-block-image size-large\"><img loading=\"lazy\" decoding=\"async\" width=\"1024\" height=\"798\" src=\"https:\/\/gioart.fr\/wp-content\/uploads\/2024\/11\/bes-1-1024x798.jpg\" alt=\"\" class=\"wp-image-118\" srcset=\"https:\/\/gioart.fr\/wp-content\/uploads\/2024\/11\/bes-1-1024x798.jpg 1024w, https:\/\/gioart.fr\/wp-content\/uploads\/2024\/11\/bes-1-300x234.jpg 300w, https:\/\/gioart.fr\/wp-content\/uploads\/2024\/11\/bes-1-768x599.jpg 768w, https:\/\/gioart.fr\/wp-content\/uploads\/2024\/11\/bes-1-1536x1197.jpg 1536w, https:\/\/gioart.fr\/wp-content\/uploads\/2024\/11\/bes-1-1200x935.jpg 1200w, https:\/\/gioart.fr\/wp-content\/uploads\/2024\/11\/bes-1.jpg 1850w\" sizes=\"auto, (max-width: 1024px) 100vw, 1024px\" \/><\/figure>\n\n\n\n<figure class=\"wp-block-image size-large\"><img loading=\"lazy\" decoding=\"async\" width=\"1024\" height=\"956\" src=\"https:\/\/gioart.fr\/wp-content\/uploads\/2024\/11\/bes-2-1024x956.jpg\" alt=\"\" class=\"wp-image-119\" srcset=\"https:\/\/gioart.fr\/wp-content\/uploads\/2024\/11\/bes-2-1024x956.jpg 1024w, https:\/\/gioart.fr\/wp-content\/uploads\/2024\/11\/bes-2-300x280.jpg 300w, https:\/\/gioart.fr\/wp-content\/uploads\/2024\/11\/bes-2-768x717.jpg 768w, https:\/\/gioart.fr\/wp-content\/uploads\/2024\/11\/bes-2-1200x1120.jpg 1200w, https:\/\/gioart.fr\/wp-content\/uploads\/2024\/11\/bes-2.jpg 1535w\" sizes=\"auto, (max-width: 1024px) 100vw, 1024px\" \/><\/figure>\n\n\n\n<figure class=\"wp-block-image size-large\"><img loading=\"lazy\" decoding=\"async\" width=\"1024\" height=\"683\" src=\"https:\/\/gioart.fr\/wp-content\/uploads\/2024\/11\/bes-3-1024x683.jpg\" alt=\"\" class=\"wp-image-120\" srcset=\"https:\/\/gioart.fr\/wp-content\/uploads\/2024\/11\/bes-3-1024x683.jpg 1024w, https:\/\/gioart.fr\/wp-content\/uploads\/2024\/11\/bes-3-300x200.jpg 300w, https:\/\/gioart.fr\/wp-content\/uploads\/2024\/11\/bes-3-768x512.jpg 768w, https:\/\/gioart.fr\/wp-content\/uploads\/2024\/11\/bes-3-1536x1024.jpg 1536w, https:\/\/gioart.fr\/wp-content\/uploads\/2024\/11\/bes-3-2048x1365.jpg 2048w, https:\/\/gioart.fr\/wp-content\/uploads\/2024\/11\/bes-3-1200x800.jpg 1200w, https:\/\/gioart.fr\/wp-content\/uploads\/2024\/11\/bes-3-1980x1320.jpg 1980w\" sizes=\"auto, (max-width: 1024px) 100vw, 1024px\" \/><\/figure>\n\n\n\n\n\n<figure class=\"wp-block-image size-large\"><img loading=\"lazy\" decoding=\"async\" width=\"1024\" height=\"750\" src=\"https:\/\/gioart.fr\/wp-content\/uploads\/2024\/11\/bes-4-1024x750.jpg\" alt=\"\" class=\"wp-image-121\" srcset=\"https:\/\/gioart.fr\/wp-content\/uploads\/2024\/11\/bes-4-1024x750.jpg 1024w, https:\/\/gioart.fr\/wp-content\/uploads\/2024\/11\/bes-4-300x220.jpg 300w, https:\/\/gioart.fr\/wp-content\/uploads\/2024\/11\/bes-4-768x563.jpg 768w, https:\/\/gioart.fr\/wp-content\/uploads\/2024\/11\/bes-4-1536x1125.jpg 1536w, https:\/\/gioart.fr\/wp-content\/uploads\/2024\/11\/bes-4-1200x879.jpg 1200w, https:\/\/gioart.fr\/wp-content\/uploads\/2024\/11\/bes-4.jpg 1934w\" sizes=\"auto, (max-width: 1024px) 100vw, 1024px\" \/><\/figure>\n\n\n\n\n\n<figure class=\"wp-block-image size-large\"><img loading=\"lazy\" decoding=\"async\" width=\"1024\" height=\"683\" src=\"https:\/\/gioart.fr\/wp-content\/uploads\/2024\/11\/bes-5-1024x683.jpg\" alt=\"\" class=\"wp-image-122\" srcset=\"https:\/\/gioart.fr\/wp-content\/uploads\/2024\/11\/bes-5-1024x683.jpg 1024w, https:\/\/gioart.fr\/wp-content\/uploads\/2024\/11\/bes-5-300x200.jpg 300w, https:\/\/gioart.fr\/wp-content\/uploads\/2024\/11\/bes-5-768x512.jpg 768w, https:\/\/gioart.fr\/wp-content\/uploads\/2024\/11\/bes-5-1536x1024.jpg 1536w, https:\/\/gioart.fr\/wp-content\/uploads\/2024\/11\/bes-5-2048x1365.jpg 2048w, https:\/\/gioart.fr\/wp-content\/uploads\/2024\/11\/bes-5-1200x800.jpg 1200w, https:\/\/gioart.fr\/wp-content\/uploads\/2024\/11\/bes-5-1980x1320.jpg 1980w\" sizes=\"auto, (max-width: 1024px) 100vw, 1024px\" \/><\/figure>\n\n\n\n\n\n<figure class=\"wp-block-image size-large\"><img loading=\"lazy\" decoding=\"async\" width=\"1024\" height=\"683\" src=\"https:\/\/gioart.fr\/wp-content\/uploads\/2024\/11\/bes-6-1024x683.jpg\" alt=\"\" class=\"wp-image-123\" srcset=\"https:\/\/gioart.fr\/wp-content\/uploads\/2024\/11\/bes-6-1024x683.jpg 1024w, https:\/\/gioart.fr\/wp-content\/uploads\/2024\/11\/bes-6-300x200.jpg 300w, https:\/\/gioart.fr\/wp-content\/uploads\/2024\/11\/bes-6-768x512.jpg 768w, https:\/\/gioart.fr\/wp-content\/uploads\/2024\/11\/bes-6-1536x1024.jpg 1536w, https:\/\/gioart.fr\/wp-content\/uploads\/2024\/11\/bes-6-2048x1365.jpg 2048w, https:\/\/gioart.fr\/wp-content\/uploads\/2024\/11\/bes-6-1200x800.jpg 1200w, https:\/\/gioart.fr\/wp-content\/uploads\/2024\/11\/bes-6-1980x1320.jpg 1980w\" sizes=\"auto, (max-width: 1024px) 100vw, 1024px\" \/><\/figure>\n\n\n\n<figure class=\"wp-block-image size-large\"><img loading=\"lazy\" decoding=\"async\" width=\"1024\" height=\"897\" src=\"https:\/\/gioart.fr\/wp-content\/uploads\/2024\/11\/bes-7-1024x897.jpg\" alt=\"\" class=\"wp-image-124\" srcset=\"https:\/\/gioart.fr\/wp-content\/uploads\/2024\/11\/bes-7-1024x897.jpg 1024w, https:\/\/gioart.fr\/wp-content\/uploads\/2024\/11\/bes-7-300x263.jpg 300w, https:\/\/gioart.fr\/wp-content\/uploads\/2024\/11\/bes-7-768x673.jpg 768w, https:\/\/gioart.fr\/wp-content\/uploads\/2024\/11\/bes-7-1536x1346.jpg 1536w, https:\/\/gioart.fr\/wp-content\/uploads\/2024\/11\/bes-7-1200x1052.jpg 1200w, https:\/\/gioart.fr\/wp-content\/uploads\/2024\/11\/bes-7.jpg 1635w\" sizes=\"auto, (max-width: 1024px) 100vw, 1024px\" \/><\/figure>\n\n\n\n<figure class=\"wp-block-image size-large\"><img loading=\"lazy\" decoding=\"async\" width=\"1024\" height=\"780\" src=\"https:\/\/gioart.fr\/wp-content\/uploads\/2024\/11\/bes-8-1024x780.jpg\" alt=\"\" class=\"wp-image-125\" srcset=\"https:\/\/gioart.fr\/wp-content\/uploads\/2024\/11\/bes-8-1024x780.jpg 1024w, https:\/\/gioart.fr\/wp-content\/uploads\/2024\/11\/bes-8-300x228.jpg 300w, https:\/\/gioart.fr\/wp-content\/uploads\/2024\/11\/bes-8-768x585.jpg 768w, https:\/\/gioart.fr\/wp-content\/uploads\/2024\/11\/bes-8-1536x1170.jpg 1536w, https:\/\/gioart.fr\/wp-content\/uploads\/2024\/11\/bes-8-1200x914.jpg 1200w, https:\/\/gioart.fr\/wp-content\/uploads\/2024\/11\/bes-8.jpg 1858w\" sizes=\"auto, (max-width: 1024px) 100vw, 1024px\" \/><\/figure>\n\n\n\n<figure class=\"wp-block-image size-large\"><img loading=\"lazy\" decoding=\"async\" width=\"1024\" height=\"683\" src=\"https:\/\/gioart.fr\/wp-content\/uploads\/2024\/11\/bes-9-1024x683.jpg\" alt=\"\" class=\"wp-image-126\" srcset=\"https:\/\/gioart.fr\/wp-content\/uploads\/2024\/11\/bes-9-1024x683.jpg 1024w, https:\/\/gioart.fr\/wp-content\/uploads\/2024\/11\/bes-9-300x200.jpg 300w, https:\/\/gioart.fr\/wp-content\/uploads\/2024\/11\/bes-9-768x512.jpg 768w, https:\/\/gioart.fr\/wp-content\/uploads\/2024\/11\/bes-9-1536x1024.jpg 1536w, https:\/\/gioart.fr\/wp-content\/uploads\/2024\/11\/bes-9-2048x1366.jpg 2048w, https:\/\/gioart.fr\/wp-content\/uploads\/2024\/11\/bes-9-1200x800.jpg 1200w, https:\/\/gioart.fr\/wp-content\/uploads\/2024\/11\/bes-9-1980x1320.jpg 1980w\" sizes=\"auto, (max-width: 1024px) 100vw, 1024px\" \/><\/figure>\n\n\n\n<figure class=\"wp-block-image size-large\"><img loading=\"lazy\" decoding=\"async\" width=\"1024\" height=\"978\" src=\"https:\/\/gioart.fr\/wp-content\/uploads\/2024\/11\/bes-10-1024x978.jpg\" alt=\"\" class=\"wp-image-127\" srcset=\"https:\/\/gioart.fr\/wp-content\/uploads\/2024\/11\/bes-10-1024x978.jpg 1024w, https:\/\/gioart.fr\/wp-content\/uploads\/2024\/11\/bes-10-300x286.jpg 300w, https:\/\/gioart.fr\/wp-content\/uploads\/2024\/11\/bes-10-768x733.jpg 768w, https:\/\/gioart.fr\/wp-content\/uploads\/2024\/11\/bes-10-1536x1467.jpg 1536w, https:\/\/gioart.fr\/wp-content\/uploads\/2024\/11\/bes-10-1200x1146.jpg 1200w, https:\/\/gioart.fr\/wp-content\/uploads\/2024\/11\/bes-10.jpg 1575w\" sizes=\"auto, (max-width: 1024px) 100vw, 1024px\" \/><\/figure>\n\n\n\n\n\n<figure class=\"wp-block-image size-large\"><img loading=\"lazy\" decoding=\"async\" width=\"1024\" height=\"830\" src=\"https:\/\/gioart.fr\/wp-content\/uploads\/2024\/11\/IMG_2798-1024x830.jpg\" alt=\"\" class=\"wp-image-129\" srcset=\"https:\/\/gioart.fr\/wp-content\/uploads\/2024\/11\/IMG_2798-1024x830.jpg 1024w, https:\/\/gioart.fr\/wp-content\/uploads\/2024\/11\/IMG_2798-300x243.jpg 300w, https:\/\/gioart.fr\/wp-content\/uploads\/2024\/11\/IMG_2798-768x622.jpg 768w, https:\/\/gioart.fr\/wp-content\/uploads\/2024\/11\/IMG_2798-1536x1245.jpg 1536w, https:\/\/gioart.fr\/wp-content\/uploads\/2024\/11\/IMG_2798-1200x973.jpg 1200w, https:\/\/gioart.fr\/wp-content\/uploads\/2024\/11\/IMG_2798.jpg 1815w\" sizes=\"auto, (max-width: 1024px) 100vw, 1024px\" \/><\/figure>\n\n\n\n<figure class=\"wp-block-image size-large\"><img loading=\"lazy\" decoding=\"async\" width=\"1024\" height=\"683\" src=\"https:\/\/gioart.fr\/wp-content\/uploads\/2024\/11\/bes-12-1024x683.jpg\" alt=\"\" class=\"wp-image-130\" srcset=\"https:\/\/gioart.fr\/wp-content\/uploads\/2024\/11\/bes-12-1024x683.jpg 1024w, https:\/\/gioart.fr\/wp-content\/uploads\/2024\/11\/bes-12-300x200.jpg 300w, https:\/\/gioart.fr\/wp-content\/uploads\/2024\/11\/bes-12-768x512.jpg 768w, https:\/\/gioart.fr\/wp-content\/uploads\/2024\/11\/bes-12-1536x1024.jpg 1536w, https:\/\/gioart.fr\/wp-content\/uploads\/2024\/11\/bes-12-2048x1365.jpg 2048w, https:\/\/gioart.fr\/wp-content\/uploads\/2024\/11\/bes-12-1200x800.jpg 1200w, https:\/\/gioart.fr\/wp-content\/uploads\/2024\/11\/bes-12-1980x1320.jpg 1980w\" sizes=\"auto, (max-width: 1024px) 100vw, 1024px\" \/><\/figure>\n\n\n\n\n\n<figure class=\"wp-block-image size-large\"><img loading=\"lazy\" decoding=\"async\" width=\"1024\" height=\"792\" src=\"https:\/\/gioart.fr\/wp-content\/uploads\/2024\/11\/bes-14-1024x792.jpg\" alt=\"\" class=\"wp-image-131\" srcset=\"https:\/\/gioart.fr\/wp-content\/uploads\/2024\/11\/bes-14-1024x792.jpg 1024w, https:\/\/gioart.fr\/wp-content\/uploads\/2024\/11\/bes-14-300x232.jpg 300w, https:\/\/gioart.fr\/wp-content\/uploads\/2024\/11\/bes-14-768x594.jpg 768w, https:\/\/gioart.fr\/wp-content\/uploads\/2024\/11\/bes-14-1536x1188.jpg 1536w, https:\/\/gioart.fr\/wp-content\/uploads\/2024\/11\/bes-14-1200x928.jpg 1200w, https:\/\/gioart.fr\/wp-content\/uploads\/2024\/11\/bes-14.jpg 1918w\" sizes=\"auto, (max-width: 1024px) 100vw, 1024px\" \/><\/figure>\n\n\n\n<figure class=\"wp-block-image size-large\"><img loading=\"lazy\" decoding=\"async\" width=\"1024\" height=\"897\" src=\"https:\/\/gioart.fr\/wp-content\/uploads\/2024\/11\/IMG_2801-1024x897.jpg\" alt=\"\" class=\"wp-image-132\" srcset=\"https:\/\/gioart.fr\/wp-content\/uploads\/2024\/11\/IMG_2801-1024x897.jpg 1024w, https:\/\/gioart.fr\/wp-content\/uploads\/2024\/11\/IMG_2801-300x263.jpg 300w, https:\/\/gioart.fr\/wp-content\/uploads\/2024\/11\/IMG_2801-768x673.jpg 768w, https:\/\/gioart.fr\/wp-content\/uploads\/2024\/11\/IMG_2801-1536x1346.jpg 1536w, https:\/\/gioart.fr\/wp-content\/uploads\/2024\/11\/IMG_2801-1200x1051.jpg 1200w, https:\/\/gioart.fr\/wp-content\/uploads\/2024\/11\/IMG_2801.jpg 1696w\" sizes=\"auto, (max-width: 1024px) 100vw, 1024px\" \/><\/figure>\n\n\n\n<figure class=\"wp-block-image size-large\"><img loading=\"lazy\" decoding=\"async\" width=\"1024\" height=\"693\" src=\"https:\/\/gioart.fr\/wp-content\/uploads\/2024\/11\/bes-13-1024x693.jpg\" alt=\"\" class=\"wp-image-133\" srcset=\"https:\/\/gioart.fr\/wp-content\/uploads\/2024\/11\/bes-13-1024x693.jpg 1024w, https:\/\/gioart.fr\/wp-content\/uploads\/2024\/11\/bes-13-300x203.jpg 300w, https:\/\/gioart.fr\/wp-content\/uploads\/2024\/11\/bes-13-768x520.jpg 768w, https:\/\/gioart.fr\/wp-content\/uploads\/2024\/11\/bes-13-1536x1039.jpg 1536w, https:\/\/gioart.fr\/wp-content\/uploads\/2024\/11\/bes-13-2048x1386.jpg 2048w, https:\/\/gioart.fr\/wp-content\/uploads\/2024\/11\/bes-13-1200x812.jpg 1200w, https:\/\/gioart.fr\/wp-content\/uploads\/2024\/11\/bes-13-1980x1340.jpg 1980w\" sizes=\"auto, (max-width: 1024px) 100vw, 1024px\" \/><\/figure>\n","protected":false},"excerpt":{"rendered":"<p>C&#8217;est le tirage au hasard qui a cr\u00e9\u00e9 la forme de chacune des toiles. Puis apr\u00e8s, l&#8217;id\u00e9e d&#8217;inverser les deux couleurs. Et toujours le Bleu de Prusse pour encadrer le tout. Toiles 6F.<\/p>\n","protected":false},"author":1,"featured_media":0,"parent":0,"menu_order":0,"comment_status":"closed","ping_status":"closed","template":"","meta":{"footnotes":""},"class_list":["post-117","page","type-page","status-publish","hentry"],"_links":{"self":[{"href":"https:\/\/gioart.fr\/index.php?rest_route=\/wp\/v2\/pages\/117","targetHints":{"allow":["GET"]}}],"collection":[{"href":"https:\/\/gioart.fr\/index.php?rest_route=\/wp\/v2\/pages"}],"about":[{"href":"https:\/\/gioart.fr\/index.php?rest_route=\/wp\/v2\/types\/page"}],"author":[{"embeddable":true,"href":"https:\/\/gioart.fr\/index.php?rest_route=\/wp\/v2\/users\/1"}],"replies":[{"embeddable":true,"href":"https:\/\/gioart.fr\/index.php?rest_route=%2Fwp%2Fv2%2Fcomments&post=117"}],"version-history":[{"count":2,"href":"https:\/\/gioart.fr\/index.php?rest_route=\/wp\/v2\/pages\/117\/revisions"}],"predecessor-version":[{"id":429,"href":"https:\/\/gioart.fr\/index.php?rest_route=\/wp\/v2\/pages\/117\/revisions\/429"}],"wp:attachment":[{"href":"https:\/\/gioart.fr\/index.php?rest_route=%2Fwp%2Fv2%2Fmedia&parent=117"}],"curies":[{"name":"wp","href":"https:\/\/api.w.org\/{rel}","templated":true}]}}