{"id":135,"date":"2024-11-28T12:59:03","date_gmt":"2024-11-28T11:59:03","guid":{"rendered":"https:\/\/gioart.fr\/?page_id=135"},"modified":"2024-11-28T12:59:03","modified_gmt":"2024-11-28T11:59:03","slug":"noir-et","status":"publish","type":"page","link":"https:\/\/gioart.fr\/?page_id=135","title":{"rendered":"Noir et&#8230;"},"content":{"rendered":"\n<p>L\u00e0 encore, c&#8217;est le hasard qui a cr\u00e9\u00e9 la forme g\u00e9n\u00e9rale de la toile. Deux couleurs, le noir et une autre qui n&#8217;est pas primaire. Et aussi convergence vers le centre pour la sym\u00e9trie. Et toujours le Bleu de Prusse pour entourer. Toiles de 40 cm par 40 cm. <\/p>\n\n\n\n<figure class=\"wp-block-image size-large\"><img loading=\"lazy\" decoding=\"async\" width=\"1024\" height=\"1010\" src=\"https:\/\/gioart.fr\/wp-content\/uploads\/2024\/11\/nor-aut-1-1024x1010.jpg\" alt=\"\" class=\"wp-image-136\" srcset=\"https:\/\/gioart.fr\/wp-content\/uploads\/2024\/11\/nor-aut-1-1024x1010.jpg 1024w, https:\/\/gioart.fr\/wp-content\/uploads\/2024\/11\/nor-aut-1-300x296.jpg 300w, https:\/\/gioart.fr\/wp-content\/uploads\/2024\/11\/nor-aut-1-768x757.jpg 768w, https:\/\/gioart.fr\/wp-content\/uploads\/2024\/11\/nor-aut-1-1200x1183.jpg 1200w, https:\/\/gioart.fr\/wp-content\/uploads\/2024\/11\/nor-aut-1.jpg 1506w\" sizes=\"auto, (max-width: 1024px) 100vw, 1024px\" \/><\/figure>\n\n\n\n<figure class=\"wp-block-image size-large\"><img loading=\"lazy\" decoding=\"async\" width=\"1017\" height=\"1024\" src=\"https:\/\/gioart.fr\/wp-content\/uploads\/2024\/11\/nor-aut-2-1017x1024.jpg\" alt=\"\" class=\"wp-image-137\" srcset=\"https:\/\/gioart.fr\/wp-content\/uploads\/2024\/11\/nor-aut-2-1017x1024.jpg 1017w, https:\/\/gioart.fr\/wp-content\/uploads\/2024\/11\/nor-aut-2-298x300.jpg 298w, https:\/\/gioart.fr\/wp-content\/uploads\/2024\/11\/nor-aut-2-150x150.jpg 150w, https:\/\/gioart.fr\/wp-content\/uploads\/2024\/11\/nor-aut-2-768x774.jpg 768w, https:\/\/gioart.fr\/wp-content\/uploads\/2024\/11\/nor-aut-2-1200x1209.jpg 1200w, https:\/\/gioart.fr\/wp-content\/uploads\/2024\/11\/nor-aut-2.jpg 1493w\" sizes=\"auto, (max-width: 1017px) 100vw, 1017px\" \/><\/figure>\n\n\n\n<figure class=\"wp-block-image size-large\"><img loading=\"lazy\" decoding=\"async\" width=\"1024\" height=\"894\" src=\"https:\/\/gioart.fr\/wp-content\/uploads\/2024\/11\/nor-aut-3-1024x894.jpg\" alt=\"\" class=\"wp-image-138\" srcset=\"https:\/\/gioart.fr\/wp-content\/uploads\/2024\/11\/nor-aut-3-1024x894.jpg 1024w, https:\/\/gioart.fr\/wp-content\/uploads\/2024\/11\/nor-aut-3-300x262.jpg 300w, https:\/\/gioart.fr\/wp-content\/uploads\/2024\/11\/nor-aut-3-768x671.jpg 768w, https:\/\/gioart.fr\/wp-content\/uploads\/2024\/11\/nor-aut-3-1536x1341.jpg 1536w, https:\/\/gioart.fr\/wp-content\/uploads\/2024\/11\/nor-aut-3-1200x1048.jpg 1200w, https:\/\/gioart.fr\/wp-content\/uploads\/2024\/11\/nor-aut-3.jpg 1587w\" sizes=\"auto, (max-width: 1024px) 100vw, 1024px\" \/><\/figure>\n\n\n\n<figure class=\"wp-block-image size-large\"><img loading=\"lazy\" decoding=\"async\" width=\"997\" height=\"1024\" src=\"https:\/\/gioart.fr\/wp-content\/uploads\/2024\/11\/nor-aut-4-997x1024.jpg\" alt=\"\" class=\"wp-image-139\" srcset=\"https:\/\/gioart.fr\/wp-content\/uploads\/2024\/11\/nor-aut-4-997x1024.jpg 997w, https:\/\/gioart.fr\/wp-content\/uploads\/2024\/11\/nor-aut-4-292x300.jpg 292w, https:\/\/gioart.fr\/wp-content\/uploads\/2024\/11\/nor-aut-4-768x789.jpg 768w, https:\/\/gioart.fr\/wp-content\/uploads\/2024\/11\/nor-aut-4-1200x1233.jpg 1200w, https:\/\/gioart.fr\/wp-content\/uploads\/2024\/11\/nor-aut-4.jpg 1430w\" sizes=\"auto, (max-width: 997px) 100vw, 997px\" \/><\/figure>\n\n\n\n<figure class=\"wp-block-image size-large\"><img loading=\"lazy\" decoding=\"async\" width=\"1024\" height=\"928\" src=\"https:\/\/gioart.fr\/wp-content\/uploads\/2024\/11\/nor-aut-5-1024x928.jpg\" alt=\"\" class=\"wp-image-140\" srcset=\"https:\/\/gioart.fr\/wp-content\/uploads\/2024\/11\/nor-aut-5-1024x928.jpg 1024w, https:\/\/gioart.fr\/wp-content\/uploads\/2024\/11\/nor-aut-5-300x272.jpg 300w, https:\/\/gioart.fr\/wp-content\/uploads\/2024\/11\/nor-aut-5-768x696.jpg 768w, https:\/\/gioart.fr\/wp-content\/uploads\/2024\/11\/nor-aut-5-1536x1392.jpg 1536w, https:\/\/gioart.fr\/wp-content\/uploads\/2024\/11\/nor-aut-5-1200x1087.jpg 1200w, https:\/\/gioart.fr\/wp-content\/uploads\/2024\/11\/nor-aut-5.jpg 1607w\" sizes=\"auto, (max-width: 1024px) 100vw, 1024px\" \/><\/figure>\n\n\n\n<figure class=\"wp-block-image size-large\"><img loading=\"lazy\" decoding=\"async\" width=\"1024\" height=\"1018\" src=\"https:\/\/gioart.fr\/wp-content\/uploads\/2024\/11\/nor-aut-6-1024x1018.jpg\" alt=\"\" class=\"wp-image-141\" srcset=\"https:\/\/gioart.fr\/wp-content\/uploads\/2024\/11\/nor-aut-6-1024x1018.jpg 1024w, https:\/\/gioart.fr\/wp-content\/uploads\/2024\/11\/nor-aut-6-300x298.jpg 300w, https:\/\/gioart.fr\/wp-content\/uploads\/2024\/11\/nor-aut-6-150x150.jpg 150w, https:\/\/gioart.fr\/wp-content\/uploads\/2024\/11\/nor-aut-6-768x763.jpg 768w, https:\/\/gioart.fr\/wp-content\/uploads\/2024\/11\/nor-aut-6-1200x1193.jpg 1200w, https:\/\/gioart.fr\/wp-content\/uploads\/2024\/11\/nor-aut-6.jpg 1480w\" sizes=\"auto, (max-width: 1024px) 100vw, 1024px\" \/><\/figure>\n\n\n\n<figure class=\"wp-block-image size-large\"><img loading=\"lazy\" decoding=\"async\" width=\"1024\" height=\"975\" src=\"https:\/\/gioart.fr\/wp-content\/uploads\/2024\/11\/nor-aut-7-1024x975.jpg\" alt=\"\" class=\"wp-image-142\" srcset=\"https:\/\/gioart.fr\/wp-content\/uploads\/2024\/11\/nor-aut-7-1024x975.jpg 1024w, https:\/\/gioart.fr\/wp-content\/uploads\/2024\/11\/nor-aut-7-300x286.jpg 300w, https:\/\/gioart.fr\/wp-content\/uploads\/2024\/11\/nor-aut-7-768x732.jpg 768w, https:\/\/gioart.fr\/wp-content\/uploads\/2024\/11\/nor-aut-7-1200x1143.jpg 1200w, https:\/\/gioart.fr\/wp-content\/uploads\/2024\/11\/nor-aut-7.jpg 1537w\" sizes=\"auto, (max-width: 1024px) 100vw, 1024px\" \/><\/figure>\n\n\n\n\n\n<figure class=\"wp-block-image size-large\"><img loading=\"lazy\" decoding=\"async\" width=\"933\" height=\"1024\" src=\"https:\/\/gioart.fr\/wp-content\/uploads\/2024\/11\/IMG_2693-933x1024.jpg\" alt=\"\" class=\"wp-image-143\" srcset=\"https:\/\/gioart.fr\/wp-content\/uploads\/2024\/11\/IMG_2693-933x1024.jpg 933w, https:\/\/gioart.fr\/wp-content\/uploads\/2024\/11\/IMG_2693-273x300.jpg 273w, https:\/\/gioart.fr\/wp-content\/uploads\/2024\/11\/IMG_2693-768x843.jpg 768w, https:\/\/gioart.fr\/wp-content\/uploads\/2024\/11\/IMG_2693-1200x1317.jpg 1200w, https:\/\/gioart.fr\/wp-content\/uploads\/2024\/11\/IMG_2693.jpg 1304w\" sizes=\"auto, (max-width: 933px) 100vw, 933px\" \/><\/figure>\n","protected":false},"excerpt":{"rendered":"<p>L\u00e0 encore, c&#8217;est le hasard qui a cr\u00e9\u00e9 la forme g\u00e9n\u00e9rale de la toile. Deux couleurs, le noir et une autre qui n&#8217;est pas primaire. Et aussi convergence vers le centre pour la sym\u00e9trie. Et toujours le Bleu de Prusse pour entourer. Toiles de 40 cm par 40 cm.<\/p>\n","protected":false},"author":1,"featured_media":0,"parent":0,"menu_order":0,"comment_status":"closed","ping_status":"closed","template":"","meta":{"footnotes":""},"class_list":["post-135","page","type-page","status-publish","hentry"],"_links":{"self":[{"href":"https:\/\/gioart.fr\/index.php?rest_route=\/wp\/v2\/pages\/135","targetHints":{"allow":["GET"]}}],"collection":[{"href":"https:\/\/gioart.fr\/index.php?rest_route=\/wp\/v2\/pages"}],"about":[{"href":"https:\/\/gioart.fr\/index.php?rest_route=\/wp\/v2\/types\/page"}],"author":[{"embeddable":true,"href":"https:\/\/gioart.fr\/index.php?rest_route=\/wp\/v2\/users\/1"}],"replies":[{"embeddable":true,"href":"https:\/\/gioart.fr\/index.php?rest_route=%2Fwp%2Fv2%2Fcomments&post=135"}],"version-history":[{"count":1,"href":"https:\/\/gioart.fr\/index.php?rest_route=\/wp\/v2\/pages\/135\/revisions"}],"predecessor-version":[{"id":144,"href":"https:\/\/gioart.fr\/index.php?rest_route=\/wp\/v2\/pages\/135\/revisions\/144"}],"wp:attachment":[{"href":"https:\/\/gioart.fr\/index.php?rest_route=%2Fwp%2Fv2%2Fmedia&parent=135"}],"curies":[{"name":"wp","href":"https:\/\/api.w.org\/{rel}","templated":true}]}}